lse
Is 9819381 a multiple of 611?
True
Does 96 divide 25440?
True
Is 784 a factor of 5967219?
False
Is 377 a factor of 1363609?
True
Is 219 a factor of 5149785?
True
Is 142 a factor of 22862?
True
Is 611115 a multiple of 52?
False
Is 24 a factor of 25229?
False
Is 174 a factor of 338952?
True
Does 2 divide 8499?
False
Is 42 a factor of 170567?
False
Is 6893289 a multiple of 1437?
True
Is 77819 a multiple of 49?
False
Is 10 a factor of 21000?
True
Does 6 divide 21608?
False
Is 803070 a multiple of 957?
False
Does 21 divide 1205925?
True
Is 16 a factor of 478592?
True
Does 3 divide 46141?
False
Is 1993710 a multiple of 30?
True
Is 153120 a multiple of 352?
True
Does 41 divide 30711?
False
Is 491405 a multiple of 26?
False
Is 2804538 a multiple of 11?
True
Is 15832 a multiple of 255?
False
Is 16 a factor of 66093?
False
Does 52 divide 33124?
True
Is 51039 a multiple of 3?
True
Does 8 divide 6342?
False
Is 225215 a multiple of 155?
True
Is 1403081 a multiple of 3?
False
Is 26 a factor of 4570566?
True
Is 1107715 a multiple of 1814?
False
Does 178 divide 4827716?
True
Does 11 divide 159709?
True
Is 484610 a multiple of 23?
True
Does 444 divide 1684092?
True
Is 137042 a multiple of 10?
False
Is 77 a factor of 696773?
True
Is 30177594 a multiple of 18?
True
Is 50 a factor of 2558350?
True
Is 26 a factor of 296078?
False
Does 9 divide 8738946?
True
Is 104 a factor of 278595?
False
Is 28425 a multiple of 15?
True
Is 129 a factor of 130908?
False
Is 294408 a multiple of 141?
True
Is 36930 a multiple of 30?
True
Is 348124 a multiple of 14?
True
Is 3056195 a multiple of 12?
False
Does 5 divide 3520?
True
Is 18 a factor of 4941640?
False
Does 86 divide 749920?
True
Does 216 divide 1562544?
True
Is 11 a factor of 1522972?
True
Does 222 divide 1301209?
False
Is 127 a factor of 154432?
True
Is 186995 a multiple of 745?
True
Is 50 a factor of 1541110?
False
Does 55 divide 399355?
True
Is 12 a factor of 956541?
False
Is 1012 a factor of 779353?
False
Does 270 divide 970110?
True
Is 17 a factor of 2132191?
True
Is 106 a factor of 22869288?
True
Is 23 a factor of 6839866?
False
Does 23 divide 160145?
False
Is 768195 a multiple of 573?
False
Is 159720 even?
True
Is 4 a factor of 1201176?
True
Is 16 a factor of 246395?
False
Is 199660 a multiple of 45?
False
Does 43 divide 1046383?
False
Is 15187900 a multiple of 72?
False
Does 15 divide 8557350?
True
Does 40 divide 6205?
False
Is 73 a factor of 21097?
True
Is 174 a factor of 3795411?
False
Is 881 a factor of 6803082?
True
Does 15 divide 75315?
True
Is 147 a factor of 74806?
False
Is 129 a factor of 122163?
True
Is 145039 a multiple of 206?
False
Is 11145 a multiple of 2?
False
Does 26 divide 616807?
False
Is 693262 a multiple of 251?
True
Does 161 divide 17227?
True
Is 21 a factor of 615090?
True
Is 50 a factor of 872450?
True
Is 21070 a multiple of 86?
True
Is 22 a factor of 2589752?
True
Does 6 divide 1773650?
False
Is 130 a factor of 1484600?
True
Is 68 a factor of 353129?
False
Is 4544 a multiple of 16?
True
Does 34 divide 11186?
True
Is 456127 a multiple of 4?
False
Does 11 divide 234119?
False
Does 56 divide 8798263?
False
Is 97 a factor of 93435?
False
Is 94436 a multiple of 31?
False
Is 40 a factor of 52226?
False
Is 370 a factor of 3767554?
False
Does 42 divide 322117?
False
Is 23100270 a multiple of 31?
True
Is 646 a factor of 10901896?
True
Is 115 a factor of 203780?
True
Does 12 divide 105458?
False
Is 1819744 a multiple of 1387?
True
Does 37 divide 1047359?
True
Does 11 divide 486248?
False
Does 195 divide 899535?
True
Does 1992 divide 18557857?
False
Does 643 divide 13508872?
False
Does 7 divide 1212004?
False
Does 18 divide 354398?
False
Is 350520 a multiple of 920?
True
Is 507836 a multiple of 28?
True
Is 199 a factor of 165767?
True
Is 32127 a multiple of 112?
False
Is 186186 a multiple of 429?
True
Does 71 divide 22649?
True
Is 2007481 a multiple of 773?
True
Is 250 a factor of 413500?
True
Is 355520 a multiple of 40?
True
Is 48 a factor of 8496?
True
Is 73 a factor of 2636148?
False
Is 10816 a multiple of 32?
True
Is 419330 a multiple of 4?
False
Is 1119 a factor of 13541012?
False
Is 1826 a multiple of 2?
True
Is 118272 a multiple of 77?
True
Is 20 a factor of 4880?
True
Is 47 a factor of 3706915?
False
Is 160 a factor of 19607?
False
Is 17 a factor of 37910?
True
Is 3580447 a multiple of 33?
False
Is 139725 a multiple of 402?
False
Is 100926 a multiple of 27?
True
Is 121106 a multiple of 504?
False
Is 311538 a multiple of 6?
True
Is 67 a factor of 5689285?
False
Does 208 divide 407264?
True
Is 297 a factor of 4727052?
True
Is 19 a factor of 97522?
False
Is 15927353 a multiple of 561?
False
Does 84 divide 3308606?
False
Is 108 a factor of 1640412?
True
Is 157800 a multiple of 60?
True
Is 7160004 a multiple of 708?
True
Does 74 divide 306620?
False
Does 129 divide 132354?
True
Is 113583 a multiple of 41?
False
Is 455 a factor of 560609?
False
Does 83 divide 172813?
False
Is 16151 a multiple of 3?
False
Is 55 a factor of 80630?
True
Is 219 a factor of 522315?
True
Is 5 a factor of 9206071?
False
Does 37 divide 948347?
True
Is 405 a factor of 7854141?
False
Is 2 a factor of 418474?
True
Is 185 a factor of 6000128?
False
Is 165 a factor of 861408?
False
Does 5 divide 161926?
False
Is 27 a factor of 11924690?
False
Does 20 divide 12061640?
True
Does 26 divide 92352?
True
Is 87805 a multiple of 102?
False
Does 25 divide 1007250?
True
Does 5 divide 87710?
True
Does 309 divide 1674294?
False
Is 122 a factor of 122488?
True
Does 387 divide 12683151?
True
Does 67 divide 660218?
True
Does 168 divide 4311048?
True
Is 49475 a multiple of 52?
False
Is 229 a factor of 2662583?
True
Does 42 divide 1009512?
True
Does 2 divide 24566?
True
Does 8 divide 15552?
True
Is 234 a factor of 930384?
True
Is 631698 a multiple of 54?
False
Does 33 divide 65361?
False
Does 4 divide 4508?
True
Is 347 a factor of 27406?
False
Does 826 divide 7525314?
False
Is 7 a factor of 11023463?
False
Is 82 a factor of 2263282?
True
Does 262 divide 2305723?
False
Is 5 a factor of 560710?
True
Is 83 a factor of 148217?
False
Does 369 divide 2755189?
False
Is 47 a factor of 28952?
True
Is 2414968 a multiple of 19?
False
Is 24880 a multiple of 104?
False
Is 6 a factor of 6534?
True
Does 22 divide 3349170?
True
Is 461127 a multiple of 163?
True
Is 18 a factor of 255438?
True
Is 14016 a multiple of 32?
True
Does 64 divide 389504?
True
Does 7 divide 326284?
True
Is 13 a factor of 530960?
False
Does 6 divide 528461?
False
Is 8 a factor of 409751?
False
Is 259896 a multiple of 8?
True
Does 14 divide 80738?
True
Is 1001 a factor of 1124233?
False
Is 198 a factor of 10494?
True
Does 50 divide 402656?
False
Does 257 divide 25366965?
False
Is 730652 a multiple of 26?
True
Is 666590 a multiple of 15?
False
Does 63 divide 7052858?
False
Does 40 divide 303000?
True
Is 957314 a multiple of 15?
False
Does 192 divide 497977?
False
Is 28 a factor of 252437?
False
Does 760 divide 1178760?
True
Does 6 divide 1058356?
False
Is 1579640 a multiple of 23?
True
Is 51 a factor of 1939530?
True
Is 436464 a multiple of 7?
True
Is 40 a factor of 83120?
True
Does 86 divide 241144?
True
Is 4 a factor of 379168?
True
Is 23 a factor of 560349?
True
Is 472560 a multiple of 264?
True
Is 35404 a multiple of 53?
True
Is 3728111 a multiple of 250?
False
Is 3841281 a multiple of 493?
False
Does 22 divide 330955?
False
Is 1451 a factor of 3359065?
True
Does 6 divide 1907?
False
Is 280926 a multiple of 52?
False
Is 16 a factor of 2450016?
True
Does 19 divide 54853?
True
Does 3 divide 11876?
False
Does 37 divide 104229?
True
Is 32 a factor of 469184?
True
Does 5 divide 169823?
False
Is 3540724 a multiple of 18?
False
Does 149 divide 25912874?
False
Is 3826075 a multiple of 9?
False
Is 81909 a multiple of 72?
False
Is 34 a factor of 2053736?
True
Is 28 a factor of 6699392?
True
Does 115 divide 259050?
False
Is 13 a factor of 145756?
True
Does 3 divide 1219370?
False
Is 1024142 a multiple of 14?
True
Is 17 a factor of 18213267?
False
Does 24 divide 157896?
True
Does 3 divide 105296?
False
Does 35 divide 22621620?
True
Is 28 a factor of 66631?
False
Is 1242092 a multiple of 847?
False
Does 29 divide 401174?
False
Is 314 a factor of 168851?
False
Is 6704104 a multiple of 814?
Tru